23503*w - 117981. Give j(5).
-466
Let h(i) = 2*i**2 + 2792*i + 380361. Determine h(-153).
3
Let j(g) = -128*g - 5638. What is j(-47)?
378
Let x(t) = -t**3 - 200*t**2 - 951*t + 4696. Give x(-195).
16
Let t(n) = -252*n**2 - 208*n - 759. Give t(-4).
-3959
Let f(u) = 6*u**3 + 96*u**2 + 233*u - 298. Calculate f(-12).
362
Let i(c) = -863*c**2 + 13180*c - 15373. What is i(14)?
-1
Let l(z) = -48*z**2 + 1337*z + 1523. What is l(29)?
-72
Let w(m) = 917*m + 15010. Calculate w(-15).
1255
Let w(p) = -2*p**3 - 274*p**2 + 227*p - 7103. Calculate w(-138).
-341
Let x(r) = 19649*r + 5737535. Determine x(-292).
27
Let a(s) = -1116119*s + 10045076. Calculate a(9).
5
Let q(j) = j**2 + 9*j - 17359. Calculate q(127).
-87
Let t(g) = -2062*g - 1038887. What is t(-504)?
361
Let f(s) = -s**3 - 9*s**2 + 114*s + 402. What is f(-3)?
6
Let g(m) = 35*m**2 - 63*m - 4814. Give g(-11).
114
Let g(c) = -24*c**3 + 1200*c**2 - 26*c - 1077. Give g(50).
-2377
Let x(q) = -q**3 + 269*q + 27. Determine x(0).
27
Let n(z) = 2*z**3 + 295*z**2 - 2472*z - 127. Give n(8).
1
Let g(p) = 6*p + 503. Give g(-34).
299
Let y(m) = 2*m**3 - 506*m**2 + 1962*m + 7458. Determine y(249).
-12
Let w(l) = 2109*l - 489285. What is w(232)?
3
Let c(f) = -2*f**3 + 269*f**2 + 231*f - 619. Calculate c(-2).
11
Let a(s) = -s**3 - 62*s**2 - 825*s + 712. Give a(-42).
82
Let i(k) = -k**3 + 398*k**2 + 1203*k - 623. Determine i(401).
-623
Let i(b) = -5*b**3 + 42*b**2 - 96*b + 30. Determine i(4).
-2
Let i(w) = 9*w**3 + 11*w + 19. What is i(-2)?
-75
Let r(s) = s**2 - 53*s - 2953. Give r(-33).
-115
Let b(n) = 314*n - 3718. Determine b(8).
-1206
Let m(i) = -20719*i - 82874. Determine m(-4).
2
Let a(z) = -2404*z + 22826. Determine a(7).
5998
Let z(n) = 7743*n - 8508. Determine z(1).
-765
Let t(v) = v**3 - 123*v**2 - 2061*v - 1221. Give t(138).
21
Let k(c) = -c**3 + 31*c**2 + 87*c + 70. Calculate k(34).
-440
Let g(q) = 167*q**2 - 21*q - 38. Give g(-2).
672
Let x(t) = 961*t + 221047. Give x(-230).
17
Let t(s) = 17*s - 2825. Calculate t(80).
-1465
Let i(r) = -11269*r - 338151. What is i(-30)?
-81
Let c(w) = -1780*w + 17121. What is c(10)?
-679
Let m(x) = 6*x**2 + 247*x + 358. Calculate m(-32).
-1402
Let m(k) = -1944*k - 33138. Determine m(-17).
-90
Let n(h) = -23*h**2 + 213*h - 345. Give n(2).
-11
Let h(g) = 2*g**3 + 72*g**2 + 43*g + 1724. What is h(-36)?
176
Let d(x) = -219166*x - 56106491. Determine d(-256).
5
Let i(r) = -5541*r + 132981. Give i(24).
-3
Let a(z) = 762*z + 4367. Determine a(-7).
-967
Let f(o) = -o**2 - 1251*o - 81556. Give f(-69).
2
Let v(d) = -107571*d + 107565. Determine v(1).
-6
Let x(p) = -3*p**3 + 2*p**2 + 436*p + 847. Determine x(-2).
7
Let h(j) = -14*j**3 - 72*j**2 - 45*j - 320. Give h(-4).
-396
Let s(o) = -2*o**2 - 675*o + 12714. What is s(17)?
661
Let a(z) = z**3 - 313*z**2 + 14575*z + 4335. What is a(256)?
-17
Let f(n) = n**2 - 494*n - 3493. Calculate f(-7).
14
Let q(w) = 67945*w + 1290918. Determine q(-19).
-37
Let l(p) = 321*p - 7272. Calculate l(28).
1716
Let w(q) = -11507*q + 287680. Give w(25).
5
Let z(v) = -v**3 + 36*v**2 + 60*v + 531. Determine z(39).
-1692
Let a(l) = -11*l**3 + 1551*l**2 - 48072*l + 192. What is a(95)?
2
Let y(h) = -h**2 + 65*h - 835. Calculate y(28).
201
Let p(f) = f**3 - 14*f**2 + 605*f - 7368. What is p(13)?
328
Let c(s) = 4*s**3 + 373*s**2 - 117*s - 19528. Give c(-93).
2
Let c(d) = -4508*d + 210668. Give c(47).
-1208
Let n(c) = 10*c**3 - 5*c**2 - 406*c - 803. What is n(-2)?
-91
Let k(w) = -45*w**2 + 9895*w + 1134. Determine k(220).
34
Let k(l) = 1059*l - 65690. Give k(62).
-32
Let i(c) = c**2 + 123*c - 150. What is i(-117)?
-852
Let x(v) = -72988*v - 1167650. What is x(-16)?
158
Let u(n) = n**2 - 7132*n - 157395. Calculate u(-22).
-7
Let z(u) = u**3 - 2047*u**2 - 1584961*u + 18528. What is z(2646)?
6
Let d(f) = 3*f**3 + 45*f**2 - 30*f - 654. Determine d(-4).
-6
Let h(b) = -423*b - 433. Calculate h(1).
-856
Let a(q) = -4614*q - 512187. What is a(-111)?
-33
Let o(m) = 282*m**2 - 788*m - 2. Calculate o(3).
172
Let j(k) = 524*k + 154501. Determine j(-295).
-79
Let v(n) = -n**3 - 13*n**2 + 365*n + 1606. What is v(-4)?
2
Let c(p) = -3*p**3 - 51*p**2 - 2202*p + 4610. Determine c(2).
-22
Let m(w) = -w**3 - 19*w**2 + 202*w + 3795. Calculate m(-19).
-43
Let q(u) = -5863*u - 615627. Give q(-105).
-12
Let r(s) = 2*s**3 - 6*s**2 - 21*s + 55. Calculate r(2).
5
Let h(q) = -29*q**3 + 11598*q**2 + 813*q - 5201. Give h(400).
-1
Let p(y) = 14*y**2 - 4606*y - 18647. Determine p(-4).
1
Let w(a) = -9*a**3 - 346*a**2 + 197*a - 19. Give w(-39).
-97
Let z(c) = -c**3 + 209*c**2 + 11134*c - 196. Give z(253).
310
Let b(y) = 12*y + 501. What is b(-49)?
-87
Let c(f) = -345*f + 12484. Calculate c(38).
-626
Let q(i) = i**3 - 110*i**2 - 987*i - 25574. Calculate q(120).
-14
Let h(g) = 2*g**3 - 190*g**2 + 11*g - 546. Determine h(95).
499
Let o(y) = 175*y**2 + 4830*y - 60. What is o(-27)?
-2895
Let s(h) = -h**2 - 225015*h - 1575058. What is s(-7)?
-2
Let n(g) = 13*g**2 - 7171*g - 36194. Determine n(-5).
-14
Let m(y) = 24*y**3 + 1126*y**2 + 577*y + 31543. What is m(-47)?
6
Let m(v) = -32*v**2 + 68*v + 665. Give m(8).
-839
Let p(f) = 11*f**2 + 503*f - 7632. Give p(12).
-12
Let t(w) = -2*w**3 - 33*w**2 - 7*w + 53. Calculate t(-16).
-91
Let x(j) = -2*j**3 - 266*j**2 - 2071*j - 560. What is x(-8)?
8
Let n(p) = 299*p - 650. Give n(-4).
-1846
Let v(s) = 88*s**3 - 68*s**2 + 47*s - 2. Determine v(1).
65
Let b(z) = -z**3 - 166*z**2 + 17*z + 3006. Give b(-166).
184
Let y(a) = -3500*a - 1630989. Determine y(-466).
11
Let i(j) = -10*j**2 + 272*j + 3124. Determine i(36).
-44
Let k(g) = 2*g**3 - 33*g**2 - 34*g - 192. Determine k(24).
7632
Let l(a) = -a**3 - 7124*a**2 - 99478*a + 871. Give l(-14).
3
Let f(x) = x**3 - 14*x**2 - 100*x + 640. What is f(6)?
-248
Let i(y) = 3*y**2 + 1278*y + 8959. Give i(-419).
160
Let c(p) = -27*p**3 + 510*p**2 - 15*p - 2. Give c(19).
-1370
Let v(i) = i**2 + 5147*i + 51308. Give v(-10).
-62
Let r(g) = 8114*g + 97394. Calculate r(-12).
26
Let k(f) = -372398*f + 14523528. What is k(39)?
6
Let w(v) = 3068*v - 9203. Calculate w(3).
1
Let t(c) = 640*c - 6128. Give t(9).
-368
Let j(z) = 9*z**2 - 1183*z + 1777. Calculate j(130).
87
Let j(c) = 22845*c + 479744. Give j(-21).
-1
Let f(t) = -172342*t + 3791483. Calculate f(22).
-41
Let d(y) = -6382*y + 453138. Calculate d(71).
16
Let f(s) = -75*s + 3819. Give f(26).
1869
Let n(t) = -1888*t + 581557. Determine n(308).
53
Let h(g) = -38771*g + 542811. What is h(14)?
17
Let b(a) = -29*a**2 - 613*a + 283. Give b(-21).
367
Let p(j) = 209*j**3 - 10*j**2 - 5. What is p(-1)?
-224
Let c(g) = -g**2 - 5517*g + 160907. What is c(29)?
73
Let i(p) = -p**2 - 125*p + 749. Calculate i(11).
-747
Let k(d) = -d**3 + 95*d**2 - 193*d + 1427. Give k(93).
776
Let z(j) = -3*j**2 + 522*j + 12934. Give z(-22).
-2
Let u(y) = -2384*y**3 - 3*y**2 + 2*y - 1. Give u(1).
-2386
Let z(y) = -2*y**2 + 550*y - 1652. What is z(3)?
-20
Let b(h) = h**3 + 103*h - 429. Give b(7).
635
Let s(w) = w**3 + 38*w**2 + 105*w - 1042. Give s(-34).
12
Let d(l) = -1340*l + 17051. Give d(13).
-369
Let m(k) = -11*k**3 - 2*k**2 - 65*k + 301. Calculate m(4).
-695
Let k(j) = -2*j**3 - 1286*j**2 + 2542*j - 24497. Determine k(-645).
13
Let z(a) = a**3 + 12*a**2 - 188*a + 513. Calculate z(4).
17
Let w(b) = 49*b**2 - 11541*b + 78381. What is w(7)?
-5
Let d(x) = -x**2 + 288*x - 19913. Determine d(173).
-18
Let c(u) = -85*u**2 + 332*u - 201. What is c(6)?
-1269
Let w(r) = 11*r**3 - 2747*r**2 + 5496*r - 8. Determine w(2).
84
Let x(g) = 3898259*g - 38982588. What is x(10)?
2
Let o(d) = -13865*d + 1857912. Determine o(134).
2
Let r(h) = h**2 + 30364*h + 212475. What is r(-7)?
-24
Let o(d) = -358*d + 800. What is o(2)?
84
Let n(s) = -308134*s + 924383. Calculate n(3).
-19
Let r(h) = 3*h**2 + 378*h + 701. What is r(-2)?
-43
Let l(o) = -4*o**3 - 624*o**2 - 465*o + 24029. Determine l(-155).
4
Let d(h) = 3*h**2 + 351*h + 5058. Give d(-85).
-3102
Let g(a) = -126*a + 24017. Give g(206).
-1939
Let a(s) = -s**2 + 76*s - 6725. Calculate a(82).
-7217
Let n(y) = -27*y**2 - 10715*y + 23191. Determine n(-399).
49
Let n(z) = -z**3 + 38*z**2 + 259*z - 7170. Determine n(40).
-10
Let f(b) = -b**3 + 948*b**2 - 79516*b + 91. Calculate f(93).
-2
Let k(y) = 3*y**3 + 816365*y**2 + 1632723*y - 2. What is k(-2)?
-12
Let x(d) = 315*d - 597554.